divided by 747?
701
What is the remainder when 47630640 is divided by 90039?
9
Calculate the remainder when 225887 is divided by 25089.
86
Calculate the remainder when 95207202 is divided by 344.
42
Calculate the remainder when 255195 is divided by 23184.
171
What is the remainder when 9161581 is divided by 35510?
1
Calculate the remainder when 704333 is divided by 7415.
7323
What is the remainder when 1525187 is divided by 8816?
19
What is the remainder when 20905 is divided by 20501?
404
What is the remainder when 1408222 is divided by 156466?
28
What is the remainder when 78964685 is divided by 1271?
1268
Calculate the remainder when 54066085 is divided by 563188.
37
What is the remainder when 6019114 is divided by 80?
74
What is the remainder when 110911 is divided by 157?
69
What is the remainder when 1108692 is divided by 4153?
3994
Calculate the remainder when 20526343 is divided by 25917.
79
What is the remainder when 3740 is divided by 305?
80
Calculate the remainder when 402285 is divided by 11167.
273
Calculate the remainder when 648823 is divided by 98.
63
Calculate the remainder when 178688466 is divided by 213.
210
What is the remainder when 517048 is divided by 73836?
196
Calculate the remainder when 17413482 is divided by 6500.
6482
Calculate the remainder when 495626 is divided by 1203.
1193
What is the remainder when 2364078 is divided by 844?
34
Calculate the remainder when 3491758 is divided by 293.
77
What is the remainder when 16393148 is divided by 963?
962
What is the remainder when 3870758 is divided by 16405?
15583
What is the remainder when 696617 is divided by 4584?
4433
Calculate the remainder when 68638793 is divided by 36.
5
Calculate the remainder when 2481026 is divided by 45.
41
What is the remainder when 2312295 is divided by 822?
9
What is the remainder when 25134968 is divided by 1310?
1308
What is the remainder when 19647880 is divided by 2632?
0
Calculate the remainder when 3366070 is divided by 1363.
823
What is the remainder when 346895 is divided by 6192?
143
What is the remainder when 35719713 is divided by 12407?
12367
What is the remainder when 19742104 is divided by 7433?
56
What is the remainder when 5992 is divided by 938?
364
What is the remainder when 1775861 is divided by 1145?
1111
What is the remainder when 550103 is divided by 7700?
3403
Calculate the remainder when 1163484 is divided by 77456.
1644
Calculate the remainder when 3534302 is divided by 2876.
2574
What is the remainder when 18132 is divided by 5?
2
Calculate the remainder when 407690 is divided by 2812.
2762
Calculate the remainder when 968636 is divided by 484314.
8
What is the remainder when 135812 is divided by 185?
22
What is the remainder when 770100855 is divided by 1566?
1563
What is the remainder when 3317264 is divided by 1528?
1504
What is the remainder when 344897 is divided by 114541?
1274
What is the remainder when 344618 is divided by 11883?
11
Calculate the remainder when 5063482 is divided by 1687671.
469
Calculate the remainder when 658784 is divided by 50569.
1387
What is the remainder when 516985 is divided by 2679?
2617
What is the remainder when 291868 is divided by 1445?
1423
What is the remainder when 1071054 is divided by 3547?
3407
Calculate the remainder when 54613 is divided by 4349.
2425
What is the remainder when 104492 is divided by 110?
102
Calculate the remainder when 28851 is divided by 22946.
5905
Calculate the remainder when 23727025 is divided by 4745394.
55
What is the remainder when 79660 is divided by 4?
0
Calculate the remainder when 3865524 is divided by 1932700.
124
What is the remainder when 1669260 is divided by 3109?
2836
What is the remainder when 595639 is divided by 4516?
4043
What is the remainder when 299370 is divided by 2268?
2262
What is the remainder when 5787820 is divided by 826831?
3
What is the remainder when 1801886 is divided by 6367?
25
Calculate the remainder when 197783 is divided by 1253.
1062
What is the remainder when 6786376 is divided by 3568?
40
Calculate the remainder when 161542 is divided by 590.
472
Calculate the remainder when 2850942 is divided by 1685.
1607
What is the remainder when 2488660 is divided by 1244301?
58
Calculate the remainder when 1258519 is divided by 25682.
101
Calculate the remainder when 1592210 is divided by 132683.
14
What is the remainder when 32656905 is divided by 3524?
3521
Calculate the remainder when 10321 is divided by 256.
81
Calculate the remainder when 1085168 is divided by 6309.
20
What is the remainder when 381009103 is divided by 87?
85
What is the remainder when 137710 is divided by 2869?
2867
Calculate the remainder when 21400234 is divided by 2211.
2176
What is the remainder when 45785 is divided by 10678?
3073
What is the remainder when 687361 is divided by 95?
36
What is the remainder when 99458 is divided by 1995?
1703
What is the remainder when 93249 is divided by 18603?
234
Calculate the remainder when 1059724 is divided by 1048.
196
Calculate the remainder when 20694205 is divided by 20694197.
8
Calculate the remainder when 2436900 is divided by 3352.
3348
What is the remainder when 10676257 is divided by 1924?
1905
What is the remainder when 1229356 is divided by 409310?
1426
Calculate the remainder when 863516 is divided by 6169.
6025
Calculate the remainder when 99847 is divided by 18512.
7287
What is the remainder when 15525750 is divided by 2770?
2670
Calculate the remainder when 19885959 is divided by 67.
24
Calculate the remainder when 8910657 is divided by 1985.
1977
Calculate the remainder when 125236 is divided by 23092.
9776
Calculate the remainder when 8714357 is divided by 9068.
9
What is the remainder when 972424 is divided by 2431?
24
What is the remainder when 66605369 is divided by 5247?
5198
Calculate the remainder when 2493065 is divided by 67.
62
What is the remainder when 260755 is divided by 9634?
637
What is the remainder when 48417411 is divided by 396864?
3
What is the remainder when 1544978215 is divided by 148?
147
What is the remainder when 1575895 is divided by 525259?
118
What is the remainder when 348331 is divided by 645?
31
Calculate the remainder when 40365 is divided by 206.
195
Calculate the remainder when 54556903 is divided by 152.
151
What is the remainder when 105101 is divided by 1114?
385
What is the remainder when 4354768 is divided by 483863?
1
What is the remainder when 1198476 is divided by 66?
48
What is the remainder when 6432533 is divided by 18975?
8
Calculate the remainder when 327538 is divided by 198.
46
Calculate the remainder when 476692852 is divided by 13.
12
What is the remainder when 25794 is divided by 934?
576
Calculate the remainder when 198217865 is divided by 9910893.
5
Calculate the remainder when 11848320 is divided by 11848320.
0
Calculate the remainder when 66325 is divided by 1342.
567
What is the remainder when 321107 is divided by 107029?
20
What is the remainder when 25987 is divided by 1069?
331
What is the remainder when 217697600 is divided by 11?
10
What is the remainder when 365303 is divided by 182549?
205
What is the remainder when 1602460 is divided by 675?
10
What is the remainder when 570354 is divided by 570321?
33
What is the remainder when 60539 is divided by 24?
11
What is the remainder when 1321345 is divided by 3968?
1
Calculate the remainder when 1149945 is divided by 244.
217
Calculate the remainder when 395287 is divided by 28.
11
Calculate the remainder when 364699 is divided by 2898.
2449
What is the remainder when 8920358 is divided by 517?
40
What is the remainder when 31651 is divided by 3149?
161
Calculate the remainder when 16437247 is divided by 2348167.
78
Calculate the remainder when 89349 is divided by 144.
69
Calculate the remainder when 4769903 is divided by 76.
67
Calculate the remainder when 598824 is divided by 66535.
9
What is the remainder when 138871 is divided by 1686?
619
Calculate the remainder when 200162 is divided by 199060.
1102
What is the remainder when 4481931 is divided by 43?
41
What is the remainder when 212443 is divided by 106218?
7
What is the remainder when 712227 is divided by 45?
12
Calculate the remainder when 26948086 is divided by 293.
290
Calculate the remainder when 23191355